it of 1102?
1
What is the units digit of 6537?
7
What is the units digit of 1677?
7
What is the tens digit of 3636?
3
What is the hundreds digit of 205?
2
What is the tens digit of 114792?
9
What is the tens digit of 44277?
7
What is the thousands digit of 5766?
5
What is the units digit of 2827?
7
What is the hundreds digit of 185862?
8
What is the ten thousands digit of 24884?
2
What is the units digit of 3461?
1
What is the tens digit of 2631?
3
What is the hundreds digit of 542?
5
What is the hundreds digit of 3033?
0
What is the tens digit of 57409?
0
What is the units digit of 374?
4
What is the tens digit of 1037?
3
What is the units digit of 3909?
9
What is the hundreds digit of 7113?
1
What is the tens digit of 4226?
2
What is the hundreds digit of 784?
7
What is the thousands digit of 177125?
7
What is the units digit of 614?
4
What is the hundred thousands digit of 107824?
1
What is the thousands digit of 2453?
2
What is the thousands digit of 1776?
1
What is the hundreds digit of 2818?
8
What is the thousands digit of 12019?
2
What is the thousands digit of 37178?
7
What is the thousands digit of 2056?
2
What is the hundreds digit of 6642?
6
What is the hundreds digit of 14042?
0
What is the tens digit of 2903?
0
What is the hundreds digit of 1069?
0
What is the hundreds digit of 6221?
2
What is the thousands digit of 2075?
2
What is the units digit of 97?
7
What is the hundreds digit of 5807?
8
What is the thousands digit of 168809?
8
What is the hundreds digit of 17599?
5
What is the hundreds digit of 1482?
4
What is the hundreds digit of 6501?
5
What is the thousands digit of 2851?
2
What is the hundreds digit of 15279?
2
What is the units digit of 1291?
1
What is the tens digit of 1598?
9
What is the units digit of 9506?
6
What is the hundreds digit of 14700?
7
What is the hundreds digit of 25095?
0
What is the ten thousands digit of 54424?
5
What is the thousands digit of 18889?
8
What is the hundreds digit of 3610?
6
What is the hundreds digit of 448?
4
What is the hundreds digit of 17064?
0
What is the hundreds digit of 10118?
1
What is the hundreds digit of 70637?
6
What is the hundreds digit of 1336?
3
What is the hundreds digit of 473?
4
What is the units digit of 24165?
5
What is the hundreds digit of 230?
2
What is the tens digit of 7490?
9
What is the units digit of 469?
9
What is the hundreds digit of 3283?
2
What is the thousands digit of 3602?
3
What is the ten thousands digit of 97066?
9
What is the tens digit of 303?
0
What is the hundreds digit of 212?
2
What is the thousands digit of 21600?
1
What is the thousands digit of 2143?
2
What is the hundreds digit of 167?
1
What is the thousands digit of 6599?
6
What is the tens digit of 799?
9
What is the units digit of 2222?
2
What is the tens digit of 70?
7
What is the tens digit of 3385?
8
What is the hundreds digit of 8294?
2
What is the hundreds digit of 589?
5
What is the units digit of 15031?
1
What is the units digit of 2953?
3
What is the tens digit of 118322?
2
What is the tens digit of 2720?
2
What is the tens digit of 395?
9
What is the units digit of 20954?
4
What is the tens digit of 110?
1
What is the tens digit of 443?
4
What is the hundreds digit of 198164?
1
What is the tens digit of 2983?
8
What is the tens digit of 1685?
8
What is the ten thousands digit of 57458?
5
What is the thousands digit of 86192?
6
What is the units digit of 963?
3
What is the hundreds digit of 10060?
0
What is the units digit of 8127?
7
What is the units digit of 358?
8
What is the tens digit of 71706?
0
What is the tens digit of 1176?
7
What is the hundreds digit of 5305?
3
What is the ten thousands digit of 36800?
3
What is the thousands digit of 14206?
4
What is the tens digit of 381?
8
What is the hundreds digit of 27122?
1
What is the units digit of 1377?
7
What is the units digit of 2010?
0
What is the units digit of 60063?
3
What is the tens digit of 1192?
9
What is the thousands digit of 7452?
7
What is the thousands digit of 1943?
1
What is the hundreds digit of 462?
4
What is the thousands digit of 3256?
3
What is the hundreds digit of 2501?
5
What is the ten thousands digit of 30175?
3
What is the thousands digit of 2532?
2
What is the tens digit of 1243?
4
What is the tens digit of 5732?
3
What is the units digit of 1088?
8
What is the hundreds digit of 2011?
0
What is the thousands digit of 77457?
7
What is the hundreds digit of 123915?
9
What is the units digit of 497?
7
What is the tens digit of 49175?
7
What is the units digit of 319?
9
What is the thousands digit of 1075?
1
What is the hundreds digit of 7064?
0
What is the hundreds digit of 1592?
5
What is the thousands digit of 6597?
6
What is the units digit of 229?
9
What is the hundreds digit of 4187?
1
What is the tens digit of 1221?
2
What is the hundreds digit of 96257?
2
What is the units digit of 100172?
2
What is the units digit of 549?
9
What is the units digit of 57571?
1
What is the units digit of 3289?
9
What is the units digit of 71?
1
What is the ten thousands digit of 14138?
1
What is the tens digit of 3268?
6
What is the thousands digit of 4087?
4
What is the thousands digit of 29941?
9
What is the hundreds digit of 23569?
5
What is the hundreds digit of 3187?
1
What is the units digit of 23480?
0
What is the units digit of 57100?
0
What is the tens digit of 4752?
5
What is the tens digit of 15335?
3
What is the tens digit of 22655?
5
What is the units digit of 4269?
9
What is the hundreds digit of 164057?
0
What is the tens digit of 26882?
8
What is the thousands digit of 6723?
6
What is the hundreds digit of 107737?
7
What is the tens digit of 4624?
2
What is the ten thousands digit of 86620?
8
What is the thousands digit of 3549?
3
What is the units digit of 1438?
8
What is the units digit of 10526?
6
What is the units digit of 5028?
8
What is the units digit of 14751?
1
What is the ten thousands digit of 114237?
1
What is the hundreds digit of 12030?
0
What is the units digit of 602?
2
What is the tens digit of 2508?
0
What is the ten thousands digit of 42722?
4
What is the thousands digit of 7553?
7
What is the thousands digit of 7132?
7
What is the ten thousands digit of 29954?
2
What is the ten thousands digit of 86049?
8
What is the tens digit of 5432?
3
What is the ten thousands digit of 16085?
1
What is the thousands digit of 1344?
1
What is the units digit of 78680?
0
What is the units digit of 10188?
8
What is the ten thousands digit of 14569?
1
What is the thousands digit of 2375?
2
What is the tens digit of 434?
3
What is the units digit of 20892?
2
What is the thousands digit of 5427?
5
What is the tens digit of 9049?
4
What is the hundreds digit of 5730?
7
What is the hundred thousands digit of 185591?
1
What is the hundreds digit of 811?
8
What is the units digit of 16343?
3
What is the thousands digit of 35665?
5
What is the ten thousands digit of 19252?
1
What is the units digit of 93738?
8
What is the units digit of 5192?
2
What is the tens digit of 13133?
3
What is the units digit of 2231?
1
What is the units digit of 9417?
7
What is the tens digit of 85?
8
What is the hundreds digit of 166?
1
What is the hundreds digit of 449?
4
What is the ten thousands digit of 12226?
1
What is the tens digit of 649?
4
What is the hundreds digit of 8996?
9
What is the thousands digit of 70256?
0
What is the thousands digit of 2195?
2
What is the tens digit of 126493?
9
What is the units digit of 30003?
3
What is the units digit of 25962?
2
What is the tens digit of 6972?
7
What is the units digit of 467?
7
What is the hundreds digit of 6931?
9
What is the units digit of 1344?
4
What is the hundreds digit of 533?
5
What is the tens digit of 13014?
1
What is the tens digit of 105126?
2
What is the units digit of 1595?
5
What is the thousands digit of 5650?
5
What is the units digit of 5875?
5
What is the units digit of 2681?
1
What is the units digit of 29538?
8
What is the thousands digit of 52626?
2
What is the units digit of 43?
3
What is the tens digit of 910?
1
What is the ten thousands digit of 12359?
1
What is the units digit of 3863?
3
What is the hundreds digit of 23074?
0
What is the tens digit of 43729?
2
What is the hundreds digit of 8255?
2
What is the tens digit of 